*a + 5*x = 4*a - 81. List the prime factors of a.
2, 7
Let i = 63 - 63. Suppose i = m + 4*s - 564, m + 2*m - 1676 = 4*s. What are the prime factors of m?
2, 5, 7
Let t(l) = -18 + l**2 - 3*l + 6*l - 14*l + l**2 - 9*l. List the prime factors of t(-10).
2, 191
Suppose -3*c + 197 - 125 = 0. List the prime factors of c/(-20)*47*(-65)/26.
3, 47
Suppose 0 = 8*k - 6*k - 2*i - 7546, -4*k = 4*i - 15116. Suppose 311*j - k = 303*j. List the prime factors of j.
2, 59
Let f(g) = 7*g**3 - 5*g**2 + 7*g + 17. Let n(w) = -7*w**3 + 5*w**2 - 8*w - 18. Let o(v) = -6*f(v) - 5*n(v). What are the prime factors of o(-3)?
2, 3, 19
Let u = 8480 - -25076. List the prime factors of u.
2, 8389
Let o(p) = -5*p**2 + 3*p - 16. Let q(k) = k**2 - k + 1. Let c(j) = o(j) + 6*q(j). Let l be c(6). What are the prime factors of l/3*(15 + 3)?
2, 3
Let m be 48/21 - -2 - (-2)/(-7). What are the prime factors of (176/4)/(m/44)?
2, 11
List the prime factors of 8011 - (60/15 + -1).
2, 7, 11, 13
Let g = 12040 + 2749. What are the prime factors of g?
23, 643
Suppose n = 9 - 4. Let l be (1 - n)*(-19)/38. Suppose l*k = 5*k - 180. What are the prime factors of k?
2, 3, 5
Let r(f) = -100*f**3 - 13*f**2 - f + 3. Let y(w) = -100*w**3 - 16*w**2 + 3. Let b(m) = 5*r(m) - 4*y(m). What are the prime factors of b(-2)?
809
Suppose w - 10 = -3*m, 3*w + 2*m - 30 = m. Suppose w*t + 1230 = 15*t. What are the prime factors of (1 + 1)*(-1)/(-4)*t?
3, 41
Let f(k) = 13*k - 19. Let j be f(15). Let t = j - 481. What are the prime factors of (-11 + t)*1/(-4)?
79
Let u(v) = 91*v + 53. Let l = -685 + 693. What are the prime factors of u(l)?
11, 71
Let q be (-411)/18 + (-14)/12 + 1. Let o(l) = -l**3 - 22*l**2 + 7*l + 48. What are the prime factors of o(q)?
2, 13
Suppose 248*q - 1108613 - 3421224 = 275411. What are the prime factors of q?
2, 7, 173
Suppose 4*b + 4 - 4 = 0. Let q be ((-6)/(-9))/(4/(-6)) + b. What are the prime factors of q/5 + (-5032)/(-85)?
59
Suppose 3*y - 3914 = r, 3*r = 27*y - 23*y - 5217. Suppose 0 = -y*w + 1312*w - 4907. List the prime factors of w.
701
Suppose 6*w + 3556 = 7*w. Suppose 46*m - w = 39*m. List the prime factors of m.
2, 127
Suppose -45*y + 46 = -404. Suppose 29*f - y*f - 7372 = 0. What are the prime factors of f?
2, 97
Let s(r) = 1437*r**2 + 4*r + 4. Let h be s(-1). Suppose -11*b + h = -8*b. What are the prime factors of b?
479
Suppose 5*i - 5*q - 22414 = 4396, -2*q = -4*i + 21456. List the prime factors of i.
2, 2683
Let v(a) = 5 - 4*a**2 - 2*a**3 + 71*a - 8*a**2 + 2*a**2 + 10*a**3 - 10*a**3. List the prime factors of v(-11).
2, 13
List the prime factors of (-12866 - -4)*(6/(-4) - (-4)/4).
59, 109
Let v(d) = d**3 - d**2 - 6*d + 8. Let w be v(2). Suppose -j = w, -3*i + 492 = -12*j + 8*j. What are the prime factors of i?
2, 41
Let i = 8603 + 1108. List the prime factors of i.
3, 13, 83
Suppose -3*t = 4*r - 93, -3*t + r = -47 - 46. Suppose t*o = 36*o - 1475. List the prime factors of o.
5, 59
Let c = 6821 + -6818. Let k be (1 - 0)/((-1)/(-3)). Suppose 5*l - 37 = -k*p + 58, 0 = -2*p + c*l + 57. List the prime factors of p.
2, 3, 5
Let z(s) = -8*s + 8 - 5 + 9 - 13*s - 12*s**2 + 4*s + 5*s**3. What are the prime factors of z(7)?
2, 3, 5, 17
Let k(y) = y**3 - 7*y**2 + y. Let z be k(7). Let o be -3*(-1 - z)*7/(-12). Let w(r) = -r**2 - 17*r + 4. What are the prime factors of w(o)?
2, 23
Suppose -47240 = -25*m - 3*m + 131064. What are the prime factors of m?
2, 199
What are the prime factors of (17/51)/(5/(-519300)*-5)?
2, 3, 577
Suppose -5*f = -2*j + 17, -4*j = 4*f - 3*j + 11. List the prime factors of (20/(-50))/((6/4030)/f).
2, 13, 31
Let n(l) = 246*l**2 - 25*l - 183. List the prime factors of n(11).
2, 17, 431
Suppose -6*v + 189 + 81 = 0. Suppose -14*f - v = -9*f. What are the prime factors of 52 + -3 - (3 + f/3)?
7
Suppose 6*l = 10*l - 2*i - 22870, 4*l + i = 22855. What are the prime factors of l?
3, 5, 127
Let g = 20349 - -22519. What are the prime factors of g?
2, 7, 1531
Let c(o) = -2*o**3 + 3*o**2 + o - 3. Let u be c(-3). Suppose 0 = -u*x + 11*x + 110400. List the prime factors of x.
3, 5, 23
List the prime factors of 177852/9 - (-9)/(-297)*11.
3, 7, 941
Suppose z = -4*w - 1072, 3*w = 4*w + 3*z + 268. Let s = w + 493. List the prime factors of s.
3, 5
Suppose 5*u = 1448*j - 1443*j - 45530, -4*j - 5*u + 36460 = 0. List the prime factors of j.
2, 5, 911
Let t(o) = -64*o + 104 + 149*o - 49*o. List the prime factors of t(5).
2, 71
Suppose -x + 5 = 37. Let k be ((-2)/3)/(x/57840). Suppose -5*o = -0*o - k. What are the prime factors of o?
241
Let o = 7296 + -1705. What are the prime factors of o?
5591
Let h(o) = o**3 - 18*o**2 + 4*o + 2. Let d be h(18). Suppose -6*j - 82 - d = 0. List the prime factors of (1 - 13)*j/3*1.
2, 13
List the prime factors of ((-14)/(-4))/((6 + 233959/(-38995))/2).
5, 7, 709
Let j(a) = 81*a - 50. Let q be (-1 - -2 - 1) + 6. What are the prime factors of j(q)?
2, 109
Let s = 19532 + -10781. List the prime factors of s.
3, 2917
Let t(i) be the third derivative of 1/120*i**6 - 29*i**2 + 0 + 1/10*i**5 - 1/6*i**4 - 1/3*i**3 + 0*i. List the prime factors of t(3).
67
Suppose 6*m = -250 + 262. Suppose -m*d = -a - 487, 65 = -d - 2*a + 296. List the prime factors of d.
241
Let k(j) = j - 3. Let o = -39 + 45. Let g be k(o). Suppose -g*s + 136 = 10. List the prime factors of s.
2, 3, 7
Let l be (-2)/(-2*4/8). Let n(u) = -l*u**3 - u**3 - 2 + 2*u + u**3 - 2*u**2 - u**3. What are the prime factors of n(-3)?
5, 11
Suppose 0 = 2*s - 51798 - 16478 - 5038. What are the prime factors of s?
3, 4073
Suppose w + 5*z - 145 - 840 = 0, -4*z - 1942 = -2*w. What are the prime factors of w?
3, 5, 13
Suppose 5*t + y + 2253 = 0, -3*t + 2*y - 727 = 630. Let b = t + 676. Suppose 5*p = i + 4*i - 1155, -i - p + b = 0. List the prime factors of i.
2, 3, 19
Suppose 24*k + 41480 = 170168. List the prime factors of k.
2, 7, 383
Suppose 31 = -x + 159. Suppose -117 = 6*q - 111. Let p = x - q. What are the prime factors of p?
3, 43
Let o be 13/1 - 9/3. Suppose y + 2*q = 2, 5*y - 3*q = q + o. List the prime factors of (15/(-2) + 6)/(y/(-236)).
3, 59
Suppose -2*d - 13 - 4 = -5*r, 4*d + 4*r - 36 = 0. What are the prime factors of 732*(-4 - (d - (-68)/(-8)))?
2, 3, 61
Let w = -106 + 1424. What are the prime factors of w?
2, 659
Let k(r) = -1 - 2*r**2 - 15*r - r**3 + 6*r + r + 5*r. Let i be k(-2). Suppose -i*f - 256 + 941 = 0. What are the prime factors of f?
137
Suppose -4*j - l - l = -2, 3*j - 12 = 2*l. Let y be -3*(0 + 4)*j/8. Let x(i) = -5*i**3 + 4*i**2 + 8*i + 4. List the prime factors of x(y).
151
Let j = -24958 - -49971. What are the prime factors of j?
25013
Let n(h) = 17*h**3 - 3*h**2 - 9*h - 10. Let b be n(-2). Let q = 835 - b. What are the prime factors of q?
3, 5, 13
Suppose -259 - 141 = 10*b. Let x = 105 + b. Suppose -x = -5*f + 160. What are the prime factors of f?
3, 5
Suppose 3*v + 0 - 12 = 0. Suppose -3311 = -v*q - x + 419, 5*x = 3*q - 2809. List the prime factors of q.
3, 311
Let n(p) = -8311*p - 1602. What are the prime factors of n(-3)?
3, 7, 11, 101
Suppose 4*p + 48 = -0*p + 3*a, 0 = p - 4*a - 1. Let m be 1878/(-4)*80/15. What are the prime factors of p/35 + m/(-28)?
89
Suppose -8*w + 7*w = h - 127, -5*h = 3*w - 391. Let r = w - -69. List the prime factors of r.
191
Let c = 11 + -12. Let z be (5 - (3 + c)) + -1 + 1. List the prime factors of ((-8)/6)/((-4)/1458*z).
2, 3
Let b(h) = -15*h - 4*h**2 - 14 + 22*h + 5*h**2 - 43*h - 11*h. List the prime factors of b(-21).
2, 7, 101
Let d = -50 + 56. Let f(o) = 8*o - 10*o + d*o + 5*o + 10. What are the prime factors of f(4)?
2, 23
Let s be (804/(-18))/(1 + 3/(-9)). Let f = s + 61. Let q(r) = 3*r**2 - 2*r + 13. What are the prime factors of q(f)?
7, 19
Suppose -i + 5*n = -26251, 0 = -5*i + 34*n - 30*n + 131129. List the prime factors of i.
13, 2017
Let r = -34 + 42. Let i = r + -9. List the prime factors of i/3 + 464/6.
7, 11
Let i(d) = -2159*d - 238. List the prime factors of i(-5).
3, 17, 23
Let t(w) be the first derivative of w**3/3 - w**2/2 - w + 7. Let y be t(-3). List the prime factors of 1 + 11/(y/78).
79
Suppose 2*r - 434 = -2*g, 5*r = -4*g + 2*g + 434. Suppose -5*j + 4*a = -2263, 223 + g = j - 5*a. List the prime factors of j.
5, 7, 13
Let t = 17675 - 4200. List the prime factors of t.
5, 7, 11
Suppose 0 = -172*r + r - 64*r + 6329020